 y?
8
Suppose -26838 = 11*q - 14*q + a, -5*a - 35762 = -4*q. What is the units digit of q?
8
Let p(o) = -o**3 - 9*o**2 - 16*o - 8. Let u be p(-7). Suppose 25 - 1 = u*g. Suppose g*v - 251 = -v + 3*c, -5*v + 249 = -2*c. What is the units digit of v?
9
Suppose 57105 = 5*z + u, -17*z + 2*u = -22*z + 57110. What is the hundreds digit of z?
4
Let q = 6946 - -239. What is the thousands digit of q?
7
Suppose 6 = 3*n - 6. Suppose 4*y - 2*i - 806 = 0, -n*i = 6 - 18. Let a = y + -141. What is the tens digit of a?
6
Let v be (-144)/120 + 1152/(-15). Let l be (1/(-3) - -1)*60. Let p = l - v. What is the tens digit of p?
1
Let g = 1547 + 12489. What is the thousands digit of g?
4
Suppose 43*b + 298 = 31220 + 4682. What is the units digit of b?
8
Let g = 66417 + -35230. What is the units digit of g?
7
What is the thousands digit of ((-21)/(-70)*-6414)/((-2)/10)?
9
Let b(w) = 76*w**3 + 2*w**2 + 19*w - 97. What is the thousands digit of b(5)?
9
Let i = -483 + 467. Let o(u) = -u - 15. Let y(n) = 14. Let q(h) = 3*o(h) + 2*y(h). What is the tens digit of q(i)?
3
Let s(i) = -7*i - 11. Let w be s(-4). Suppose -47 = -w*n + 4. Suppose -n*c + 0*c = -735. What is the hundreds digit of c?
2
What is the tens digit of (-154*64/(-1760))/((-2)/(-6175))?
9
Suppose -1488 = -13*g + 9*g. Let c = 686 - g. What is the tens digit of c?
1
Let u(w) = 6*w**2 + 54*w + 221. What is the tens digit of u(-39)?
4
Suppose -2*s = 5*x - 2872, 0 = 3*x - 3*s - 2434 + 694. Suppose 20*n - 17*n = x. Suppose n = 3*h - 180. What is the hundreds digit of h?
1
Suppose -189*a + 49896 = -156*a. What is the tens digit of a?
1
Suppose 58 = y + 65, l - 8806 = -y. What is the thousands digit of l?
8
Let p be (-1)/(-5 - 70/(-15)). Suppose 0 = 3*i - 2*i - 20. What is the tens digit of 11/((-68)/i - -4)*p?
5
Let j(z) = 51*z**2 - 7*z - 15. Let n be j(-2). What is the tens digit of ((-322)/8)/(7 - n/28)?
6
Suppose -3*t + 2 - 8 = 0. Let j be (-1)/(-1 - (-4 + 6) - -2). What is the tens digit of j*t/(8/(-164))?
4
What is the units digit of (1/(-6))/(229/(-16918749))*(-4)/(-6)?
9
Let v(r) = 15*r**2 + 2*r - 61. Let x be v(-9). Suppose -4*c - 392 = -x. What is the hundreds digit of c?
1
Let r(u) = u**3 + 14*u**2 + 2*u + 31. Let c be r(-14). Suppose -3533 + 647 = -c*a. What is the units digit of a?
2
Let u(y) = -y**3 + 4*y**2 + 9*y - 7. Let k be u(5). Let l = k - -15. Let j = l + 24. What is the units digit of j?
2
Let o = -25792 + 36180. What is the hundreds digit of o?
3
Let n = 5 + 3. Suppose 117 = 11*v - n*v. Let l = v - -2. What is the tens digit of l?
4
Let x = -125 - -445. What is the tens digit of ((-210)/40)/((-4)/x)?
2
Suppose 4*s = -3*q - 162, q = -2*s + s - 40. Let f = -36 - s. Suppose -f*g + 460 = -20. What is the tens digit of g?
8
Let h be 78*505/75 - (-1)/(-5). Suppose h*l - 533*l + 8936 = 0. What is the tens digit of l?
1
Let w be (2 + 6)*(0/(-3) - -293). Suppose w = 8*l + 160. What is the units digit of l?
3
Let z = -34322 - -55424. What is the hundreds digit of z?
1
Let n be (3068/8)/(4/16). Let f = 2280 - n. What is the hundreds digit of f?
7
Let m(b) = -2*b**2 - 377*b - 93. What is the tens digit of m(-27)?
2
Let r = 9478 + -7199. What is the tens digit of r?
7
Let c(r) = -13*r**3 + 96*r**2 + 22*r - 59. Let y(z) = 3*z**3 - 24*z**2 - 6*z + 15. Let o(m) = 2*c(m) + 9*y(m). What is the hundreds digit of o(25)?
3
Suppose -4*w + 39 + 117 = 0. Suppose 0 = -o + 5*g - 27, -g = -2*o - o - w. Let p = 93 + o. What is the units digit of p?
1
Suppose -16 = 8*v - 9*v. Suppose -2*s = -r + 3*s + 146, 0 = 4*s + v. What is the units digit of (9/(-3))/(-3 + 375/r)?
6
Let p(q) = 439*q**2 + 3*q + 3. What is the hundreds digit of p(-7)?
4
Suppose -4*t - 4*z + 50916 = 0, 22*t - 19*t + z = 38191. What is the tens digit of t?
3
Let z be (3 - (-10184)/(-4))*(-8 - -9). Let i = -1547 - z. What is the units digit of i?
6
Suppose 39*f + 5*f - 132 = 0. What is the units digit of (-60)/35*(-1)/(f/504)?
8
Let p(u) = -278*u**2 + 17*u - 11. Let g(n) = -139*n**2 + 8*n - 5. Let j(x) = -7*g(x) + 3*p(x). What is the thousands digit of j(-3)?
1
Let k(p) = 19*p + 4*p - 104 - 98*p - 8*p - 53*p. What is the tens digit of k(-8)?
8
Suppose -f + 4*s = 4, -3 = f - 3*s + 1. What is the hundreds digit of (-1948)/f + -9 + 6?
4
Let r(w) = 17*w**3 - 8*w**2 + 7*w - 9. Let b be r(5). Suppose b + 773 = 5*o + 4*d, 4*o = -d + 2188. What is the hundreds digit of o?
5
Let u(c) = -c + 15. Let x be u(17). What is the tens digit of ((-11)/x)/11*678?
3
What is the tens digit of ((-11946)/5)/(92/(-1380))?
3
Let j(d) = 9*d + 78. Let h be j(10). Let a = 829 - h. What is the hundreds digit of a?
6
Let r = 82587 + -26535. What is the hundreds digit of r?
0
Let n(x) = 6*x + 1. Let d be n(1). Suppose 0 = d*h - h - 288. What is the tens digit of (h/(-10))/(12/(-40))?
1
Let t = 857 + -855. Suppose -2*d = -3*s - 938, -5*d + t*s + 3*s + 2340 = 0. What is the units digit of d?
6
Let o be (9 - 10)/(2/(-10)). Suppose -c = -3*n - 201, o*c - c = -5*n + 804. Suppose -2*a + c = a. What is the units digit of a?
7
Let y(t) be the second derivative of -t**3/6 + 443*t**2/2 + t - 2. What is the hundreds digit of y(0)?
4
Let b(a) = 51*a + 13. Suppose -5*c - 41 = w, 2*w + 2*w = -4*c - 20. Let h be b(c). Let m = -301 - h. What is the tens digit of m?
4
Let h be (1*108/8)/(1/26). Suppose 11*o - h = 859. What is the units digit of o?
0
Let v = 14332 + -3271. What is the units digit of v?
1
Suppose 241345 = -290*p + 355*p. What is the units digit of p?
3
Let v = 6 - 2. Suppose 135 = v*u + 47. Suppose -u - 4 = -r. What is the tens digit of r?
2
Suppose -46*v + 112 = -72. Suppose -v*n + 3645 = t, -t + 2518 = 2*n + 693. What is the hundreds digit of n?
9
Let m(w) be the first derivative of -w**3/3 - 13*w**2/2 + 20*w - 8. Let a be m(-13). Suppose a*j - 14*j = 276. What is the units digit of j?
6
Let m = 122 - 117. Suppose 4*y = 3*q + m*y - 781, -4*y = 2*q - 514. What is the hundreds digit of q?
2
Suppose -22 = -5*z - 2. Let k(l) = -l**3 + 3*l**2 + 8*l + 1. Let n be k(6). Let w = z - n. What is the units digit of w?
3
Let p(c) = -6*c**3 + 0 + 2 - 3*c + 1 - 5. Let q be p(-1). Suppose -o - 576 = -q*o. What is the units digit of o?
6
Let v = 351 + -358. What is the hundreds digit of -18 - -19 - v/(14/604)?
3
Let w(x) = 30*x + 147. Let o be w(-29). Let f = 1080 + o. What is the hundreds digit of f?
3
Let u(b) = -b**2 + 6*b + 29. Let g be u(9). Suppose x - s + 0*s - 8 = 0, -g*x = 4*s - 16. Suppose 54 = 10*r - x*r. What is the tens digit of r?
2
Suppose 0 = -v - 0 + 4. Suppose c = -a, -11*c + 6*c = -v*a. Suppose 4*r - 447 = 3*u, -r + 4*u + 128 = -c*u. What is the hundreds digit of r?
1
What is the units digit of (-148170)/(-4) + (222/4)/(-37)?
1
Let y be (-1 - 3/(-5))/((-18)/180). Let f(x) = -3*x + 16. Let r be f(y). Suppose 0*p + r*p - 244 = 0. What is the units digit of p?
1
What is the units digit of 1066*(-130)/(-20) - 13?
6
Suppose -4*x = 5*c - 3, 4*c - 1 = 5*x - 15. Let g(w) = 436*w**2 + 6*w + 4. What is the hundreds digit of g(c)?
4
Suppose -k - 33*b + 30*b = -7519, 0 = 15*k - b - 112601. What is the tens digit of k?
0
Let v(o) = 147*o**2 + 38*o + 229. What is the units digit of v(-5)?
4
Let z = 4 + 1. Suppose k - 4*t + 20 = 0, 4*t - 18 = z*k + 2. Suppose k = -7*o + 4*o + 30. What is the units digit of o?
0
Let h(x) = -3*x**3 + x**2 + 53*x + 850. What is the units digit of h(-13)?
1
Suppose -4*v + 178 = -3*a, -2*v = -6 - 2. Let x = a + 548. What is the units digit of x?
4
Suppose -30*w = -109175 + 24815. What is the hundreds digit of w?
8
What is the tens digit of 780/14*(-2968)/(-159)?
4
Let u = -45 - -47. Suppose -u*s = 9*s - 33. Suppose -r = p - 176, 0 = -s*p + p + 5*r + 352. What is the tens digit of p?
7
Let f(k) = -9*k**2 + 1266*k + 261. What is the hundreds digit of f(116)?
0
Let i be 6/24 - 30/(-8). Suppose -5*l - 109 = -i. What is the tens digit of 0 + 1364/28 + (-6)/l?
4
Let d = 7 - 3. Let i(k) = 44*k + 134. Let s be i(-3). Suppose -s*q + 168 = d*q. What is the units digit of q?
8
Let h be 28 - 23 - (-11 + 0). Suppose -h*x - 25 = -11*x, -5*x + 2119 = 4*j. What is the hundreds digit of j?
5
Suppose 80*c - 1072460 = -47740. What is the units digit of c?
9
Let u = -226 - -235. Suppose u*a = 1720 + 1088. What is the units digit of a?
2
Suppose -2153 - 1127 = 4*i. Let t = -529 - i. L